
Let m = -1256 + 1767. What is the units digit of m?
1
Let j(v) = v**2 + 17*v + 17. Suppose 4*s = -2*b - 22, 2*b + 3*s = -b - 42. What is the tens digit of j(b)?
1
Suppose -24799 = -13*i + 16125. What is the hundreds digit of i?
1
Suppose -2*w - 8 = -5*d, -1 = 3*d - 2*w - 5. Let r = -152 - -260. Suppose r = 2*y + d. What is the tens digit of y?
5
What is the hundreds digit of 616 + (-5)/(-35) + 24/(-21)?
6
Let h be ((-2)/(5 - 7))/((-1)/(-79)). Suppose 0 = -2*a - 4*s + 205 + h, 2*a + 3*s = 279. What is the hundreds digit of a?
1
Let l(n) be the first derivative of 17/2*n**4 - n**2 + 3 + 1/3*n**3 + n. What is the tens digit of l(1)?
3
Let v = -425 - -1395. What is the tens digit of v?
7
Let d = 0 + 2. Let q(k) = -d + 12*k - 16*k + 0. What is the tens digit of q(-4)?
1
Suppose -16*y = -26*y + 15160. What is the hundreds digit of y?
5
What is the tens digit of ((-32)/(-20))/(1 - 826/830)?
3
Let u be 7/7 - 6/(-2). Suppose -2*z - 4 = -u*z. Suppose 0 = z*f - 3*f + 12. What is the tens digit of f?
1
Let q(a) = 3*a - 16 - 1 - 19. What is the tens digit of q(16)?
1
Let f(s) = 17*s**2 + 17*s - 62. What is the units digit of f(5)?
8
Suppose 5*g + 2*q = 11, 4*g - 3*q = 3 + 15. Suppose -9*k + 248 = -7*k. Suppose o - k = -g*o. What is the tens digit of o?
3
Let x(r) = 4*r**3 - r**2 + r. Let b(w) = w**3 + 5*w**2 + w - 3. Let k be b(-4). Let t = -8 + k. What is the units digit of x(t)?
4
Suppose 4*p - 30 + 2 = 4*y, -3*y - 3 = 3*p. Let d be 27 + 2/(-1) - p. Let x = 92 - d. What is the tens digit of x?
7
Let l(v) = -71*v + 1. What is the units digit of l(-12)?
3
Suppose 3*n = 5 + 1. Suppose -4*a + 51 = -5*r, n*r = 5*a + 4*r - 105. Suppose 3*i + 39 = 3*x, -4*x - 4*i + 17 + a = 0. What is the tens digit of x?
1
Suppose -2*h = 5*c - 5*h - 17, 4 = -h. Suppose -3*z + 70 - c = 0. What is the tens digit of z?
2
Suppose 8*j - 45 + 13 = 0. What is the tens digit of ((-11)/j)/((-15)/240)?
4
Suppose 87 - 9 = w. Suppose -w = -5*n + 2. What is the tens digit of n?
1
Suppose 13680 = 28*d - 9448. What is the units digit of d?
6
Let d(u) = 2*u**2 - u**2 - 17*u + 5 - 2*u**2 + 9*u. Let i be d(-8). Suppose -3*w + 19 = 4*m, i*w + 6 = 2*m + 29. What is the units digit of m?
1
Suppose 5*q + 432 = 4*w - 39, -3*q = 3*w - 333. Let t be (w/(-4))/((-6)/(-12)). Let d = t - -82. What is the tens digit of d?
2
Suppose 21*t = 5*t. Suppose 5*o = -t*o + 3*c + 626, 5*o - 616 = -2*c. What is the hundreds digit of o?
1
Let n(h) = 22*h + 1. Let j = 12 - 9. Let k be 2 - (j - 0 - 3). What is the units digit of n(k)?
5
Suppose -97*j + 67620 = -76*j. What is the hundreds digit of j?
2
Let y(x) = x**2 + 2*x - 4. Let r be y(9). Suppose -26*q = -31*q + r. Let a = 65 - q. What is the tens digit of a?
4
Let d(o) = o - 8. Let u(p) = -p**2 + 11*p - 6. Let q be u(9). Let z(a) = a**2 - 10*a - 15. Let l be z(q). What is the units digit of d(l)?
1
Let b = -18 - -28. Let h = -6 + b. Suppose -2*u + h + 24 = 0. What is the tens digit of u?
1
Let n(y) = 0*y + 37 + 5*y - 10*y + 6*y - y**2. What is the units digit of n(0)?
7
Suppose -5*u - 2*w = 31, -u + 16 = -6*u + 3*w. Let i be (12/u)/((-10)/75). Suppose 2*v = v + i. What is the units digit of v?
8
Let x = 68 - -56. Let g = 262 - x. What is the hundreds digit of g?
1
What is the tens digit of (28623/(-14))/29*(0 + -2)?
4
Suppose 5*b = -5*n + 5180, -4*b - 1016 = -n - b. What is the tens digit of n?
3
Let b be 22/8 - (-4)/(-32)*-2. Let k = 27 - 16. Let p = k - b. What is the units digit of p?
8
Let o = 162 + -264. Let n = o - -172. What is the tens digit of n?
7
Suppose j = 3*j + 3*p - 27, 2*p - 40 = -5*j. What is the units digit of j/10 - (-1258)/170?
8
Let g(r) = -r + 5. Let n be g(3). Suppose c - n*w = 3*c - 322, 785 = 5*c + w. What is the units digit of c?
6
Suppose 0 = -0*a + a + 21. Let t = a + 81. What is the tens digit of t?
6
Suppose -2*b = 3*h - 39, h - 6*h = -15. Let z = -10 + b. Suppose -m + 5 = 3*t - 2*t, -z = m + 3*t. What is the units digit of m?
0
What is the tens digit of 4/(-9)*8298/(-4)?
2
Let o(r) = 11*r + 10. What is the units digit of o(3)?
3
Let h(o) = 11*o**2 + 16*o + 15. What is the tens digit of h(-11)?
7
Let g(q) = 5*q**3 + q**2 + q - 1. Suppose 4*z - 4*u + 7*u + 11 = 0, -4*z - 2*u = 6. Let c be g(z). Suppose -49 = -c*l + 53. What is the units digit of l?
7
Let p(o) = 26*o**3 - o**2 - o - 4. What is the units digit of p(2)?
8
Suppose 6*l - 235 = l. Let u = l - 32. Let p = -11 + u. What is the units digit of p?
4
Let h(n) be the third derivative of n**5/30 - 7*n**4/8 - 11*n**3/3 - 23*n**2. What is the tens digit of h(-9)?
2
Suppose -2*x = 4*g - g - 2333, -g + 2339 = 2*x. What is the tens digit of x?
7
Let x(w) = w**3 + 8*w**2 - w - 10. Let k be x(-8). What is the units digit of k/4 - (-2023)/34?
9
Let q(p) = -p**2 - 7*p + 2. Suppose 0 = -2*o - 38 + 30. What is the tens digit of q(o)?
1
What is the thousands digit of ((-7347)/(-124))/((-6)/(-232))?
2
Let t = 45 + -173. Let f = -51 - t. What is the units digit of f?
7
Let z be ((-21)/4)/(42/112). Let g(y) = y**2 + 7*y - 3. What is the tens digit of g(z)?
9
Let l(g) = -g**3 - 18*g**2 - 30*g - 64. What is the tens digit of l(-19)?
6
Let n = 101 + -186. Let x = n + 168. What is the units digit of x?
3
Let m(l) = 2*l - 5. Let x be m(10). Let j = x - 17. What is the units digit of 38/2 + 2*j?
5
Suppose 2392 = 4*v - 3*c, -v - 5*c = -0*c - 575. Suppose 5*a - 5*g = -v, 128 = -a + 4*g - 6*g. What is the tens digit of a*3*(-3)/18?
6
Suppose 5*l - 2*n = 14, 2*n - 4 = 2*l - 2*n. Suppose -l*h - 7 = r - 0, -h = -2*r - 5. What is the tens digit of (r/6)/((-4)/136)?
1
What is the units digit of ((-862173)/54)/(-13) + (-2)/12?
8
What is the tens digit of -2 + -1 + -1 - (-71373)/111?
3
What is the hundreds digit of (-51176)/(-40) - (13/(-5) - -2)?
2
Let d(o) = o**3 + 11*o**2 - o - 16. Let i be d(-11). Let l = i - -9. What is the units digit of (18/l)/((-3)/(-18))?
7
Suppose f - 3*d + 22 = 2*d, 0 = f - 3*d + 12. Suppose -8*l + 475 = -f*l. What is the tens digit of l?
9
Suppose -3*t + 2601 = 5*h, h - 534 = -0*h + 4*t. What is the hundreds digit of h?
5
Let h(v) = 8*v**2 - 6*v - 80. What is the hundreds digit of h(-5)?
1
Let x(q) = q**3 - q - 1. Let w(d) = 6*d**3 + 2*d**2 - 9*d - 17. Let o(t) = w(t) - 5*x(t). What is the tens digit of o(5)?
4
What is the units digit of 26/4 + 15/(-30)?
6
Suppose 2*v + 20 = 7*v, -36 = -l - 5*v. Let d be (-2)/l + 16/128. Suppose d = -4*k + 101 + 39. What is the units digit of k?
5
Let p = -157 + -26. Let c = -102 - p. What is the units digit of c?
1
Let n be (15 - 17) + (15 - -1). Let k = n + 26. What is the tens digit of k?
4
What is the units digit of 21580/(-104)*((-88)/10 + 0)?
6
Let f(r) = r - 4. Suppose d - 5*j = 2, -7*j - 31 = -5*d - 3*j. Let x be f(d). Suppose 30 = -x*t + 93. What is the tens digit of t?
2
Let m be (-30)/12*8/(-5). Suppose -q = -3*q - m*k + 16, -2*q + 5*k + 25 = 0. What is the units digit of q?
0
Let z be -2 + (2 - -1) + -26. Let d = 4 - z. What is the tens digit of d?
2
Suppose 29 = r + 24. Suppose -r*b = -7*b + 64. What is the units digit of b?
2
What is the units digit of -1467*2/18*-3*1?
9
Let k = 820 - 169. What is the units digit of k?
1
Suppose 4*h - 25 = -t, -2*t + 30 = 2*h + 2*h. Suppose 0*x - t = -x. What is the units digit of (19/3)/(x/15)?
9
Let a = 31 - 27. Suppose 0 = w + 5*t - 83, a*w - 370 = 2*t - 148. What is the tens digit of w?
5
Let f(u) = -u**2 + 11*u - 14. Let k be f(8). Let q be 26/k - 8/(-20). Let r(s) = 2*s**3 - s**2 - 4*s + 1. What is the tens digit of r(q)?
3
Let w = -134 + 1452. What is the thousands digit of w?
1
Suppose 12 + 12 = -2*a. Let n(f) = f + 27. Let t be n(a). Suppose 2*u - 79 = -t. What is the tens digit of u?
3
Suppose 3*q = 8*q - 4*h - 3460, 0 = 4*q + h - 2747. What is the units digit of q?
8
Let h be (-6 - -61)/(2 + (-6)/4). Suppose 127 = 3*j - h. What is the units digit of j?
9
Let d(v) = -10*v - 3. Let s be (5 - 3)/(2/(-6)). Let m be d(s). Suppose -4*w = -7*w + m. What is the tens digit of w?
1
Let z = 281 + 82. What is the units digit of z?
3
Let v = -542 - -466. Let h be (-1 + 3)*-13 + -1. Let r = h - v. What is the units digit of r?
9
Suppose 4*x - 12 = -0*x. Suppose x*g - 5*o = 51, 3*g + 3*o - 21 = -2*o. Suppose -6*w = -3*w - g. What is the units digit of w?
4
Suppose -4*w - w = -3*f - 59, 0 = w - 2*f - 9. 